{"id":7696,"date":"2026-02-16T21:51:18","date_gmt":"2026-02-16T21:51:18","guid":{"rendered":"https:\/\/abrasivoparainox.com.br\/?post_type=product&#038;p=7696"},"modified":"2026-02-16T23:31:27","modified_gmt":"2026-02-16T23:31:27","slug":"disco-de-corte-115-x-1-0-suryha","status":"publish","type":"product","link":"https:\/\/abrasivoparainox.com.br\/?product=disco-de-corte-115-x-1-0-suryha","title":{"rendered":"Disco de Corte 115 X 1.0 &#8211; Suryha"},"content":{"rendered":"<div class=\"desc-1\">\n<h2 class=\"tit-desc1 font-4\">Especifica\u00e7\u00f5es T\u00e9cnicas<\/h2>\n<div class=\"inner-desc1 font-2\">\n<p>Dimens\u00e3o: 115mm<\/p>\n<p>Espessura: 1.0<\/p>\n<\/div>\n<\/div>\n<div class=\"desc-1\">\n<h2 class=\"tit-desc1 font-4\">Descri\u00e7\u00e3o do Produto<\/h2>\n<div class=\"inner-desc1 font-2\">\n<p>O Grupo Arsystem apresenta a linha de abrasivos Suryha. Os discos de corte Suryha s\u00e3o produzidos com m\u00e1xima tecnologia e gr\u00e3os abrasivos super resistentes com ultra performance. Especialista em abrasivos, a Suryha sempre proporciona o melhor custo benef\u00edcio para todas as solu\u00e7\u00f5es industriais.<\/p>\n<\/div>\n<\/div>\n","protected":false},"excerpt":{"rendered":"<p>Os discos de corte servem para uso geral em metais, a\u00e7o, a\u00e7o inoxid\u00e1vel, materiais de fundi\u00e7\u00e3o, pedras, alum\u00ednio e outros metais n\u00e3o ferrosos. Os Discos de Corte Suryha possuem um \u00f3timo custo benef\u00edcio e s\u00e3o indicados tanto para a\u00e7o carbono quanto para inox.<\/p>\n","protected":false},"featured_media":7698,"template":"","meta":[],"product_brand":[],"product_cat":[56,31],"product_tag":[],"class_list":{"0":"post-7696","1":"product","2":"type-product","3":"status-publish","4":"has-post-thumbnail","6":"product_cat-disco-flap-ppr","7":"product_cat-discos","9":"first","10":"instock","11":"purchasable","12":"product-type-variable"},"_links":{"self":[{"href":"https:\/\/abrasivoparainox.com.br\/index.php?rest_route=\/wp\/v2\/product\/7696","targetHints":{"allow":["GET"]}}],"collection":[{"href":"https:\/\/abrasivoparainox.com.br\/index.php?rest_route=\/wp\/v2\/product"}],"about":[{"href":"https:\/\/abrasivoparainox.com.br\/index.php?rest_route=\/wp\/v2\/types\/product"}],"wp:featuredmedia":[{"embeddable":true,"href":"https:\/\/abrasivoparainox.com.br\/index.php?rest_route=\/wp\/v2\/media\/7698"}],"wp:attachment":[{"href":"https:\/\/abrasivoparainox.com.br\/index.php?rest_route=%2Fwp%2Fv2%2Fmedia&parent=7696"}],"wp:term":[{"taxonomy":"product_brand","embeddable":true,"href":"https:\/\/abrasivoparainox.com.br\/index.php?rest_route=%2Fwp%2Fv2%2Fproduct_brand&post=7696"},{"taxonomy":"product_cat","embeddable":true,"href":"https:\/\/abrasivoparainox.com.br\/index.php?rest_route=%2Fwp%2Fv2%2Fproduct_cat&post=7696"},{"taxonomy":"product_tag","embeddable":true,"href":"https:\/\/abrasivoparainox.com.br\/index.php?rest_route=%2Fwp%2Fv2%2Fproduct_tag&post=7696"}],"curies":[{"name":"wp","href":"https:\/\/api.w.org\/{rel}","templated":true}]}}