{"id":6395,"date":"2022-09-08T17:41:03","date_gmt":"2022-09-08T20:41:03","guid":{"rendered":"https:\/\/abrasivoparainox.com.br\/?post_type=product&amp;p=6395"},"modified":"2022-09-08T17:41:03","modified_gmt":"2022-09-08T20:41:03","slug":"esmerilhadeira-eletrica-5-1-500w","status":"publish","type":"product","link":"https:\/\/abrasivoparainox.com.br\/?product=esmerilhadeira-eletrica-5-1-500w","title":{"rendered":"Esmerilhadeira El\u00e9trica 5&#8243; 1.500W"},"content":{"rendered":"<h2 class=\"tit-desc1 font-4\" style=\"text-align: center;\">ESPECIFICA\u00c7\u00d5ES T\u00c9CNICAS<\/h2>\n<div class=\"inner-desc1 font-2\">\n<div class=\"div-table\">\n<table class=\"table table-bordered font-2 aligncenter\" style=\"height: 89px;\" width=\"358\">\n<tbody>\n<tr>\n<td>Pot\u00eancia<\/td>\n<td>1400 W<\/td>\n<\/tr>\n<tr>\n<td>Controle de velocidade<\/td>\n<td>2.800 &#8211; 10.000 RPM<\/td>\n<\/tr>\n<tr>\n<td>Peso<\/td>\n<td>2,5 Kg<\/td>\n<\/tr>\n<\/tbody>\n<\/table>\n<\/div>\n<\/div>\n","protected":false},"excerpt":{"rendered":"<p>Esmerilhadeira El\u00e9trica 5&#8243; 1.500W<\/p>\n","protected":false},"featured_media":6396,"template":"","meta":[],"product_brand":[],"product_cat":[76,73],"product_tag":[],"class_list":{"0":"post-6395","1":"product","2":"type-product","3":"status-publish","4":"has-post-thumbnail","6":"product_cat-esmerilhadeiras-eletricas","7":"product_cat-ferramentas-pneumaticas","9":"first","10":"instock","11":"shipping-taxable","12":"purchasable","13":"product-type-simple"},"_links":{"self":[{"href":"https:\/\/abrasivoparainox.com.br\/index.php?rest_route=\/wp\/v2\/product\/6395","targetHints":{"allow":["GET"]}}],"collection":[{"href":"https:\/\/abrasivoparainox.com.br\/index.php?rest_route=\/wp\/v2\/product"}],"about":[{"href":"https:\/\/abrasivoparainox.com.br\/index.php?rest_route=\/wp\/v2\/types\/product"}],"wp:featuredmedia":[{"embeddable":true,"href":"https:\/\/abrasivoparainox.com.br\/index.php?rest_route=\/wp\/v2\/media\/6396"}],"wp:attachment":[{"href":"https:\/\/abrasivoparainox.com.br\/index.php?rest_route=%2Fwp%2Fv2%2Fmedia&parent=6395"}],"wp:term":[{"taxonomy":"product_brand","embeddable":true,"href":"https:\/\/abrasivoparainox.com.br\/index.php?rest_route=%2Fwp%2Fv2%2Fproduct_brand&post=6395"},{"taxonomy":"product_cat","embeddable":true,"href":"https:\/\/abrasivoparainox.com.br\/index.php?rest_route=%2Fwp%2Fv2%2Fproduct_cat&post=6395"},{"taxonomy":"product_tag","embeddable":true,"href":"https:\/\/abrasivoparainox.com.br\/index.php?rest_route=%2Fwp%2Fv2%2Fproduct_tag&post=6395"}],"curies":[{"name":"wp","href":"https:\/\/api.w.org\/{rel}","templated":true}]}}