{"id":6388,"date":"2022-09-08T17:23:53","date_gmt":"2022-09-08T20:23:53","guid":{"rendered":"https:\/\/abrasivoparainox.com.br\/?post_type=product&amp;p=6388"},"modified":"2022-09-08T17:23:53","modified_gmt":"2022-09-08T20:23:53","slug":"retifica-longa-280mm-22-000-rpm","status":"publish","type":"product","link":"https:\/\/abrasivoparainox.com.br\/?product=retifica-longa-280mm-22-000-rpm","title":{"rendered":"Ret\u00edfica Longa (280MM) &#8211; 22.000 RPM"},"content":{"rendered":"<h2 class=\"tit-desc1 font-4\">ESPECIFICA\u00c7\u00d5ES T\u00c9CNICAS<\/h2>\n<div class=\"inner-desc1 font-2\">\n<p>POT\u00caNCIA: 0.45hp<\/p>\n<p>RPM LIVRE: 22.000<\/p>\n<p>CAPACIDADE: PIN\u00c7A 3 &#8211; 6 MM e 1\/4<\/p>\n<p>RUIDO: 86 dB<\/p>\n<p>COMPRIMENTO: 280 mm<\/p>\n<p>ESCAPE DE AR: TRASEIRO<\/p>\n<p>ENTRADA DE AR: 1\/4<\/p>\n<p>CONSUMO DE AR: 85 l\/min<\/p>\n<p>PRESS\u00c3O RECOMENDADA:6,3 Bar<\/p>\n<p>LUBRIFICA\u00c7\u00c3O: MAP 22-500 &#8211; 4 A 6 GOTAS min<\/p>\n<p>PESO: 0,820 Kg<\/p>\n<p>ACOMPANHA PIN\u00c7A DE 3 &#8211; 6 mm<\/p>\n<p>PIN\u00c7AS OPCIONAIS &#8211; 1\/4(2516.003).<\/p>\n<\/div>\n","protected":false},"excerpt":{"rendered":"<p>Ret\u00edfica Longa (280MM) &#8211; 22.000 RPM<\/p>\n","protected":false},"featured_media":6389,"template":"","meta":[],"product_brand":[],"product_cat":[73,74],"product_tag":[],"class_list":{"0":"post-6388","1":"product","2":"type-product","3":"status-publish","4":"has-post-thumbnail","6":"product_cat-ferramentas-pneumaticas","7":"product_cat-retificas-pneumaticas","9":"first","10":"instock","11":"shipping-taxable","12":"purchasable","13":"product-type-simple"},"_links":{"self":[{"href":"https:\/\/abrasivoparainox.com.br\/index.php?rest_route=\/wp\/v2\/product\/6388","targetHints":{"allow":["GET"]}}],"collection":[{"href":"https:\/\/abrasivoparainox.com.br\/index.php?rest_route=\/wp\/v2\/product"}],"about":[{"href":"https:\/\/abrasivoparainox.com.br\/index.php?rest_route=\/wp\/v2\/types\/product"}],"wp:featuredmedia":[{"embeddable":true,"href":"https:\/\/abrasivoparainox.com.br\/index.php?rest_route=\/wp\/v2\/media\/6389"}],"wp:attachment":[{"href":"https:\/\/abrasivoparainox.com.br\/index.php?rest_route=%2Fwp%2Fv2%2Fmedia&parent=6388"}],"wp:term":[{"taxonomy":"product_brand","embeddable":true,"href":"https:\/\/abrasivoparainox.com.br\/index.php?rest_route=%2Fwp%2Fv2%2Fproduct_brand&post=6388"},{"taxonomy":"product_cat","embeddable":true,"href":"https:\/\/abrasivoparainox.com.br\/index.php?rest_route=%2Fwp%2Fv2%2Fproduct_cat&post=6388"},{"taxonomy":"product_tag","embeddable":true,"href":"https:\/\/abrasivoparainox.com.br\/index.php?rest_route=%2Fwp%2Fv2%2Fproduct_tag&post=6388"}],"curies":[{"name":"wp","href":"https:\/\/api.w.org\/{rel}","templated":true}]}}