{"id":6128,"date":"2022-07-26T15:54:50","date_gmt":"2022-07-26T18:54:50","guid":{"rendered":"https:\/\/abrasivoparainox.com.br\/?post_type=product&amp;p=6128"},"modified":"2022-07-26T15:54:50","modified_gmt":"2022-07-26T18:54:50","slug":"roda-250x100-manta-115-grao-fino","status":"publish","type":"product","link":"https:\/\/abrasivoparainox.com.br\/?product=roda-250x100-manta-115-grao-fino","title":{"rendered":"Roda 250&#215;100 Manta 115 Gr\u00e3o Fino &#8211; Suryha"},"content":{"rendered":"<p>Composto por manta abrasiva, dispostas em torno de um n\u00facleo, as Rodas de Manta Suryha s\u00e3o usadas em m\u00e1quinas fixas autom\u00e1ticas ou semiautom\u00e1ticas. S\u00e3o particularmente indicadas para dar aos metais um acabamento acetinado e opaco, al\u00e9m de serem utilizadas nas ind\u00fastrias cer\u00e2mica e de madeira.<\/p>\n","protected":false},"excerpt":{"rendered":"<p>Roda 250&#215;100 Manta 115 Gr\u00e3o Fino \u00e9 composto por manta abrasiva, dispostas em torno de um n\u00facleo, as Rodas de Manta Suryha s\u00e3o usadas em m\u00e1quinas fixas autom\u00e1ticas ou semiautom\u00e1ticas.<\/p>\n","protected":false},"featured_media":6129,"template":"","meta":[],"product_brand":[],"product_cat":[71],"product_tag":[],"class_list":{"0":"post-6128","1":"product","2":"type-product","3":"status-publish","4":"has-post-thumbnail","6":"product_cat-abrasivos-e-polimento","8":"first","9":"instock","10":"shipping-taxable","11":"purchasable","12":"product-type-simple"},"_links":{"self":[{"href":"https:\/\/abrasivoparainox.com.br\/index.php?rest_route=\/wp\/v2\/product\/6128","targetHints":{"allow":["GET"]}}],"collection":[{"href":"https:\/\/abrasivoparainox.com.br\/index.php?rest_route=\/wp\/v2\/product"}],"about":[{"href":"https:\/\/abrasivoparainox.com.br\/index.php?rest_route=\/wp\/v2\/types\/product"}],"wp:featuredmedia":[{"embeddable":true,"href":"https:\/\/abrasivoparainox.com.br\/index.php?rest_route=\/wp\/v2\/media\/6129"}],"wp:attachment":[{"href":"https:\/\/abrasivoparainox.com.br\/index.php?rest_route=%2Fwp%2Fv2%2Fmedia&parent=6128"}],"wp:term":[{"taxonomy":"product_brand","embeddable":true,"href":"https:\/\/abrasivoparainox.com.br\/index.php?rest_route=%2Fwp%2Fv2%2Fproduct_brand&post=6128"},{"taxonomy":"product_cat","embeddable":true,"href":"https:\/\/abrasivoparainox.com.br\/index.php?rest_route=%2Fwp%2Fv2%2Fproduct_cat&post=6128"},{"taxonomy":"product_tag","embeddable":true,"href":"https:\/\/abrasivoparainox.com.br\/index.php?rest_route=%2Fwp%2Fv2%2Fproduct_tag&post=6128"}],"curies":[{"name":"wp","href":"https:\/\/api.w.org\/{rel}","templated":true}]}}