{"id":5896,"date":"2022-07-13T12:51:58","date_gmt":"2022-07-13T15:51:58","guid":{"rendered":"https:\/\/abrasivoparainox.com.br\/?post_type=product&amp;p=5896"},"modified":"2022-07-13T12:51:58","modified_gmt":"2022-07-13T15:51:58","slug":"estilete-de-seguranca-secupro-megasafe-martor","status":"publish","type":"product","link":"https:\/\/abrasivoparainox.com.br\/?product=estilete-de-seguranca-secupro-megasafe-martor","title":{"rendered":"Estilete de Seguran\u00e7a Secupro Megasafe &#8211; Martor"},"content":{"rendered":"<section class=\"inner-conteudo\">\n<div class=\"cont-produto2\">\n<div class=\"desc-1\">\n<h2 class=\"tit-desc1 font-4\">ESTILETE DE SEGURAN\u00c7A MARTOR<\/h2>\n<div class=\"inner-desc1 font-2\">\n<p>Linha Martor de estiletes de seguran\u00e7a de alta qualidade e tesoura de seguran\u00e7a para maior seguran\u00e7a de corte. As t\u00e9cnicas de seguran\u00e7a incorporadas nos cortadores de seguran\u00e7a Martor incluem:<\/p>\n<p>SECUMAX &#8211; L\u00e2mina oculta com prote\u00e7\u00e3o m\u00e1xima do trabalho;<\/p>\n<p>SECUPRO &#8211; Estilete retr\u00e1til autom\u00e1tico com prote\u00e7\u00e3o de trabalho muito elevada;<\/p>\n<p>SECUNORM &#8211; Estilete retr\u00e1til com prote\u00e7\u00e3o de trabalho elevada.<\/p>\n<p>As ferramentas de corte profissionais contribuem para aumentar a seguran\u00e7a no trabalho e reduzir as les\u00f5es de corte, tornando uma parte importante do equipamento de prote\u00e7\u00e3o pessoal na ind\u00fastria, varejo, log\u00edstica e com\u00e9rcio.<\/p>\n<\/div>\n<\/div>\n<div class=\"desc-1\">\n<h2 class=\"tit-desc1 font-4\">CARACTER\u00cdSTICAS<\/h2>\n<div class=\"inner-desc1 font-2\">\n<ul>\n<li>Para usu\u00e1rios destros e canhotos.<\/li>\n<li>Controle perfeito de corte, mesmo com a utiliza\u00e7\u00e3o de luvas de seguran\u00e7a.<\/li>\n<li>Troca simples de l\u00e2mina, n\u00e3o sendo necess\u00e1rio abrir o cutter.<\/li>\n<li>L\u00e2mina de 2 lados.<\/li>\n<li>Comprimento da l\u00e2mina estendida: 21mm<\/li>\n<li>Profundidade de corte: 17mm<\/li>\n<li>Acompanha L\u00e2mina Maxisafe (3952.006) com 60mm de comprimento, 19mm largura e 0.63mm de espessura.<\/li>\n<\/ul>\n<\/div>\n<\/div>\n<div class=\"desc-2\">\n<h2 class=\"tit-desc2 font-4\">CONFIRA O SECUPRO MEGASAFE NA PR\u00c1TICA<\/h2>\n<div class=\"wrap-video\">\n<div class=\"wrap-video2\">\n<div class=\"video\"><iframe src=\"https:\/\/www.youtube.com\/embed\/TV1URm7m2JQ\" width=\"560\" height=\"315\" frameborder=\"0\" allowfullscreen=\"allowfullscreen\" data-mce-fragment=\"1\"><\/iframe><\/div>\n<div><\/div>\n<\/div>\n<\/div>\n<\/div>\n<div class=\"desc-5\">\n<div class=\"img-desc5\"><img decoding=\"async\" class=\"alignleft\" src=\"https:\/\/www.arsystem.com.br\/storage\/produtosBlocos\/imagens\/afce979d8b84ce75b72d957ea9daafa7.png?v=1512494452\" alt=\"RETRA\u00c7\u00c3O TOTALMENTE AUTOM\u00c1TICA DA L\u00c2MINA\" \/><\/div>\n<div class=\"inner-desc5\">\n<h3 class=\"tit-desc5 font-4\">RETRA\u00c7\u00c3O TOTALMENTE AUTOM\u00c1TICA DA L\u00c2MINA<\/h3>\n<div class=\"bloco-desc font-2\">\n<p>A retra\u00e7\u00e3o totalmente autom\u00e1tica do SECUPRO MEGASAFE garante a voc\u00ea um grau de seguran\u00e7a extremamente elevado contra ferimentos de corte. Pois a l\u00e2mina se retrai para dentro do cabo imediatamente depois de perder o contato com o material, mesmo que voc\u00ea continue acionando o controle deslizante.<\/p>\n<p>&nbsp;<\/p>\n<\/div>\n<\/div>\n<\/div>\n<div class=\"desc-4\">\n<div class=\"img-desc4\"><img decoding=\"async\" class=\"alignright\" src=\"https:\/\/www.arsystem.com.br\/storage\/produtosBlocos\/imagens\/ed687c7d4f7374066ff2ceebf7aab3c8.png?v=1512494455\" alt=\"CABO ROBUSTO\" \/><\/div>\n<div class=\"inner-desc4\">\n<h3 class=\"tit-desc4 font-4\">CABO ROBUSTO<\/h3>\n<div class=\"bloco-desc font-2\">\n<p>O cabo do SECUPRO MEGASAFE de alta qualidade \u00e9 100% fabricado em alum\u00ednio e, portanto, muito robusto. Com a sua ferramenta de corte voc\u00ea domina todos os materiais de corte comuns e tamb\u00e9m aqueles com mais camadas.<\/p>\n<p>&nbsp;<\/p>\n<\/div>\n<\/div>\n<\/div>\n<div class=\"desc-5\">\n<div class=\"img-desc5\"><img decoding=\"async\" class=\"alignleft\" src=\"https:\/\/www.arsystem.com.br\/storage\/produtosBlocos\/imagens\/6b06af38881dac77bc7af104b26272dc.png?v=1512494456\" alt=\"SUBSTITUI\u00c7\u00c3O DE L\u00c2MINA SEM ABERTURA\" \/><\/div>\n<div class=\"inner-desc5\">\n<h3><\/h3>\n<h3 class=\"tit-desc5 font-4\">SUBSTITUI\u00c7\u00c3O DE L\u00c2MINA SEM ABERTURA<\/h3>\n<div class=\"bloco-desc font-2\">\n<p>Voc\u00ea troca a l\u00e2mina de modo f\u00e1cil e seguro. Nem \u00e9 necess\u00e1rio abrir o cabo. Pressione o dispositivo localizado na parte superior e mova o controle deslizante totalmente para frente. A l\u00e2mina est\u00e1 pronta para ser substitu\u00edda.<\/p>\n<p>&nbsp;<\/p>\n<\/div>\n<\/div>\n<\/div>\n<div class=\"desc-4\">\n<div class=\"img-desc4\"><img decoding=\"async\" class=\"alignright\" src=\"https:\/\/www.arsystem.com.br\/storage\/produtosBlocos\/imagens\/d23806962cad1625c4c3fb0d647c9956.png?v=1512494421\" alt=\"MANUSEIO PERFEITO\" \/><\/div>\n<\/div>\n<h3><\/h3>\n<div class=\"desc-4\">\n<div class=\"inner-desc4\">\n<h3 class=\"tit-desc4 font-4\">MANUSEIO PERFEITO<\/h3>\n<div class=\"bloco-desc font-2\">\n<p>O cabo ligeiramente arredondado encaixa-se bem na m\u00e3o do operador. Pois o controle deslizante possui uma ader\u00eancia suave \u2013 portanto, ele \u00e9 particularmente antideslizante.<\/p>\n<p>&nbsp;<\/p>\n<p>&nbsp;<\/p>\n<\/div>\n<\/div>\n<\/div>\n<div class=\"desc-5\">\n<div class=\"img-desc5\"><img decoding=\"async\" class=\"alignleft\" src=\"https:\/\/www.arsystem.com.br\/storage\/produtosBlocos\/imagens\/4eeae1d82bde63573349bca9c974b6b1.png?v=1512494528\" alt=\"CONTROLE DESLIZANTE BILATERAL\" \/><\/div>\n<div class=\"inner-desc5\">\n<h3><\/h3>\n<h3 class=\"tit-desc5 font-4\">CONTROLE DESLIZANTE BILATERAL<\/h3>\n<div class=\"bloco-desc font-2\">\n<p>O SECUPRO MEGASAFE possui um controle deslizante que \u00e9 acess\u00edvel por ambos os lados. A escolha \u00e9 sua!<\/p>\n<\/div>\n<\/div>\n<\/div>\n<p>&nbsp;<\/p>\n<div class=\"desc-4\">\n<div class=\"img-desc4\"><img decoding=\"async\" class=\"alignright\" src=\"https:\/\/www.arsystem.com.br\/storage\/produtosBlocos\/imagens\/ef93695780ec35c7cfa5a12ce75e510b.png?v=1512494578\" alt=\"L\u00c2MINA 2 VEZES REUTILIZ\u00c1VEL\" \/><\/div>\n<div class=\"inner-desc4\">\n<h2><\/h2>\n<h2><\/h2>\n<h3 class=\"tit-desc4 font-4\">L\u00c2MINA 2 VEZES\u00a0REUTILIZ\u00c1VEL<\/h3>\n<div class=\"bloco-desc font-2\">\n<p>Antes de precisar substituir a l\u00e2mina, voc\u00ea pode vir\u00e1-la uma vez. Isso duplica o tempo de uso da l\u00e2mina e reduz o seu esfor\u00e7o.<\/p>\n<\/div>\n<\/div>\n<\/div>\n<\/div>\n<\/section>\n<section class=\"bloco-home\">\n<div class=\"div-titext\"><\/div>\n<\/section>\n","protected":false},"excerpt":{"rendered":"<p>Estilete de Seguran\u00e7a Secupro Megasafe da linha Martor de estiletes de seguran\u00e7a de alta qualidade e tesoura de seguran\u00e7a para maior seguran\u00e7a de corte.<\/p>\n","protected":false},"featured_media":5900,"template":"","meta":[],"product_brand":[],"product_cat":[39],"product_tag":[],"class_list":{"0":"post-5896","1":"product","2":"type-product","3":"status-publish","4":"has-post-thumbnail","6":"product_cat-estiletes-de-seguranca","8":"first","9":"instock","10":"featured","11":"shipping-taxable","12":"purchasable","13":"product-type-simple"},"_links":{"self":[{"href":"https:\/\/abrasivoparainox.com.br\/index.php?rest_route=\/wp\/v2\/product\/5896","targetHints":{"allow":["GET"]}}],"collection":[{"href":"https:\/\/abrasivoparainox.com.br\/index.php?rest_route=\/wp\/v2\/product"}],"about":[{"href":"https:\/\/abrasivoparainox.com.br\/index.php?rest_route=\/wp\/v2\/types\/product"}],"wp:featuredmedia":[{"embeddable":true,"href":"https:\/\/abrasivoparainox.com.br\/index.php?rest_route=\/wp\/v2\/media\/5900"}],"wp:attachment":[{"href":"https:\/\/abrasivoparainox.com.br\/index.php?rest_route=%2Fwp%2Fv2%2Fmedia&parent=5896"}],"wp:term":[{"taxonomy":"product_brand","embeddable":true,"href":"https:\/\/abrasivoparainox.com.br\/index.php?rest_route=%2Fwp%2Fv2%2Fproduct_brand&post=5896"},{"taxonomy":"product_cat","embeddable":true,"href":"https:\/\/abrasivoparainox.com.br\/index.php?rest_route=%2Fwp%2Fv2%2Fproduct_cat&post=5896"},{"taxonomy":"product_tag","embeddable":true,"href":"https:\/\/abrasivoparainox.com.br\/index.php?rest_route=%2Fwp%2Fv2%2Fproduct_tag&post=5896"}],"curies":[{"name":"wp","href":"https:\/\/api.w.org\/{rel}","templated":true}]}}