{"id":5443,"date":"2022-06-29T19:38:13","date_gmt":"2022-06-29T22:38:13","guid":{"rendered":"https:\/\/abrasivoparainox.com.br\/product\/disco-ceramico-180x22mm-eu-suryha\/"},"modified":"2025-12-14T19:48:13","modified_gmt":"2025-12-14T19:48:13","slug":"disco-ceramico-180x22mm-eu-suryha","status":"publish","type":"product","link":"https:\/\/abrasivoparainox.com.br\/?product=disco-ceramico-180x22mm-eu-suryha","title":{"rendered":"Disco Cer\u00e2mico 180X22MM EU &#8211; Suryha"},"content":{"rendered":"<p>Os\u00a0<strong>Discos Cer\u00e2micos Suryah\u00a0<\/strong>s\u00e3o produzido com materiais de alta qualidade oferecendo\u00a0<strong>resist\u00eancia e durabilidade<\/strong>. O\u00a0<strong>Discos Cer\u00e2micos da Suryah<\/strong>\u00a0s\u00e3o ideais para uma ampla variedade de remo\u00e7\u00e3o de solda, rebarba\u00e7\u00e3o, acabamento e polimento. Os\u00a0<strong>Discos Cer\u00e2micos<\/strong>\u00a0s\u00e3o mold\u00e1veis a formas e contornos complicados, e s\u00e3o desenvolvidas para proporcionar um acabamento consistente com um n\u00edvel uniforme de corte.<\/p>\n<p>Di\u00e2metro: 180mm<br \/>\nFuro: 22mm<br \/>\nDisco Cer\u00e2mico 180&#215;22<\/p>\n<p>As aplica\u00e7\u00f5es do\u00a0<strong>Disco Cer\u00e2micos 180X22<\/strong>\u00a0da Suryha v\u00e3o desde o processamento de cord\u00f5es de solda at\u00e9 o desbaste fino de superf\u00edcies em pe\u00e7as retas ou curvas de diferentes materiais.<\/p>\n<p>INDICA\u00c7\u00d5ES: Desbaste, acabamento e limpeza de materiais ferrosos e n\u00e3o ferrosos. Remo\u00e7\u00e3o de soldas, nivelamento de flanges, deforma\u00e7\u00f5es de superf\u00edcie, amassados, limpeza de superf\u00edcies, rebarba\u00e7\u00f5es, aplica\u00e7\u00f5es em ferramentaria, lixamento de inox,a\u00e7os e alta liga.<\/p>\n<p><strong>Montagem e Utiliza\u00e7\u00e3o<\/strong><\/p>\n<p>A montagem do\u00a0<strong>Disco Cer\u00e2mico<\/strong>\u00a0deve ser feita com flange met\u00e1lico, que se adapta ao rebaixo do flange do disco. Sua utiliza\u00e7\u00e3o deve acontecer em ferramentas especiais de alto poder de rota\u00e7\u00e3o, tais como politrizes, esmerilhadeiras, polidoras\/acetinadoras, entre outras. A capacidade de sa\u00edda da m\u00e1quina a ser utilizada deve ser de 1.000 a 1.500 watts.<\/p>\n<p><strong>\u00c1reas de Aplica\u00e7\u00e3o<\/strong><\/p>\n<p>&#8211; Metal Universal<br \/>\n&#8211; A\u00e7o<br \/>\n&#8211; A\u00e7o Inoxid\u00e1vel<br \/>\n&#8211; Tinta<\/p>\n<p><strong>Ramos de Aplica\u00e7\u00e3o:<\/strong><\/p>\n<p>&#8211; Ind\u00fastrias Metal\u00fargicas<br \/>\n&#8211; Ind\u00fastrias Cervejeiras<br \/>\n&#8211; Ind\u00fastria de Latic\u00ednios<\/p>\n<p><strong>Em quais materiais e processos utilizar?<\/strong><\/p>\n<p>Os\u00a0<strong>Discos Cer\u00e2micos da Suryah\u00a0<\/strong>foram projetadas para polimento autom\u00e1tico e semiautom\u00e1tico, em diversos tipos de materiais, tais como: A\u00e7o, a\u00e7o inox, alum\u00ednio, pl\u00e1stico, madeira, pedras, entre outros. Gra\u00e7as a sua flexibilidade, podem ser utilizadas em diversos tipos de ind\u00fastria, com aplica\u00e7\u00f5es em superf\u00edcies planas, cil\u00edndricas, \u00e1reas de contorno, reentr\u00e2ncias e canaletas, realizando melhorias como:<\/p>\n<p>&#8211; Elimina\u00e7\u00e3o de rebarbas;<\/p>\n<p>&#8211; Obten\u00e7\u00e3o de acabamentos homog\u00eaneos em superf\u00edcies maiores e contornos em aplica\u00e7\u00f5es manuais;<\/p>\n<p>&#8211; Desbaste muito fino como precursor do polimento de alto brilho;<\/p>\n<p>&#8211; Limpeza de cord\u00f5es de solda, removendo manchas grossas irregulares e imperfei\u00e7\u00f5es;<\/p>\n<p>&#8211; Lixamento interno e polimento de tubos, pias de a\u00e7o inox, cubas, tanques para vin\u00edcolas, cervejarias, sucos, produtos qu\u00edmicos, panelas, pe\u00e7as de pl\u00e1stico, etc.<\/p>\n<p><strong>Qual o gr\u00e3o ideal?<\/strong><\/p>\n<p>A escolha da granula\u00e7\u00e3o correta \u00e9 fundamental para a otimiza\u00e7\u00e3o de resultados em cada processo realizado. Quanto mais alto for o gr\u00e3o (representado por #), mais fina \u00e9 a lixa, garantindo maior espelhamento \u00e0 pe\u00e7a.<\/p>\n<p>#30 a #60 (gr\u00e3os grossos) \u2013 Indicados para desbaste pesado, em pe\u00e7as com imperfei\u00e7\u00f5es mais vis\u00edveis e de dif\u00edcil retirada, tais como muita ferrugem, soldas altas, etc.<\/p>\n<p>#80 a #150 (gr\u00e3os m\u00e9dios) \u2013 Indicados para remo\u00e7\u00e3o de riscos, ferrugem e soldas leves, e outros defeitos de m\u00e9dia acentua\u00e7\u00e3o.<\/p>\n<p>#180 a #400 (gr\u00e3os finos) \u2013 Indicados para polimento espelhado, preparando a pe\u00e7a para receber polimento com brilho. Esta granula\u00e7\u00e3o garante um resultado praticamente perfeito, com superf\u00edcie perfeita e poucos riscos (que dever\u00e3o ser removidos com disco de polimento e massa de polir).<\/p>\n","protected":false},"excerpt":{"rendered":"<p>Os Disco Cer\u00e2mico 180X22MM<strong>\u00a0<\/strong>s\u00e3o produzido com materiais de alta qualidade oferecendo\u00a0<strong>resist\u00eancia e durabilidade<\/strong>.<\/p>\n","protected":false},"featured_media":7580,"template":"","meta":[],"product_brand":[],"product_cat":[49,31],"product_tag":[],"class_list":{"0":"post-5443","1":"product","2":"type-product","3":"status-publish","4":"has-post-thumbnail","6":"product_cat-disco-ceramico","7":"product_cat-discos","9":"first","10":"instock","11":"purchasable","12":"product-type-variable"},"_links":{"self":[{"href":"https:\/\/abrasivoparainox.com.br\/index.php?rest_route=\/wp\/v2\/product\/5443","targetHints":{"allow":["GET"]}}],"collection":[{"href":"https:\/\/abrasivoparainox.com.br\/index.php?rest_route=\/wp\/v2\/product"}],"about":[{"href":"https:\/\/abrasivoparainox.com.br\/index.php?rest_route=\/wp\/v2\/types\/product"}],"wp:featuredmedia":[{"embeddable":true,"href":"https:\/\/abrasivoparainox.com.br\/index.php?rest_route=\/wp\/v2\/media\/7580"}],"wp:attachment":[{"href":"https:\/\/abrasivoparainox.com.br\/index.php?rest_route=%2Fwp%2Fv2%2Fmedia&parent=5443"}],"wp:term":[{"taxonomy":"product_brand","embeddable":true,"href":"https:\/\/abrasivoparainox.com.br\/index.php?rest_route=%2Fwp%2Fv2%2Fproduct_brand&post=5443"},{"taxonomy":"product_cat","embeddable":true,"href":"https:\/\/abrasivoparainox.com.br\/index.php?rest_route=%2Fwp%2Fv2%2Fproduct_cat&post=5443"},{"taxonomy":"product_tag","embeddable":true,"href":"https:\/\/abrasivoparainox.com.br\/index.php?rest_route=%2Fwp%2Fv2%2Fproduct_tag&post=5443"}],"curies":[{"name":"wp","href":"https:\/\/api.w.org\/{rel}","templated":true}]}}