{"id":5348,"date":"2022-06-29T19:37:29","date_gmt":"2022-06-29T22:37:29","guid":{"rendered":"https:\/\/abrasivoparainox.com.br\/product\/estilete-de-seguranca-secumax-easysafe-martor\/"},"modified":"2022-06-29T19:37:29","modified_gmt":"2022-06-29T22:37:29","slug":"estilete-de-seguranca-secumax-easysafe-martor","status":"publish","type":"product","link":"https:\/\/abrasivoparainox.com.br\/?product=estilete-de-seguranca-secumax-easysafe-martor","title":{"rendered":"Estilete de Seguran\u00e7a Secumax Easysafe &#8211; Martor"},"content":{"rendered":"<p><strong>O Estilete de Seguran\u00e7a Secumax Easysafe Martor<\/strong> \u00e9 um estilete de seguran\u00e7a de alta qualidade e tesoura de seguran\u00e7a para maior seguran\u00e7a de corte. As t\u00e9cnicas de seguran\u00e7a incorporadas nos cortadores de seguran\u00e7a Martor incluem:<\/p>\n<p>SECUMAX &#8211; L\u00e2mina oculta com prote\u00e7\u00e3o m\u00e1xima do trabalho;<\/p>\n<p>SECUPRO &#8211; Estilete retr\u00e1til autom\u00e1tico com prote\u00e7\u00e3o de trabalho muito elevada;<\/p>\n<p>SECUNORM &#8211; Estilete retr\u00e1til com prote\u00e7\u00e3o de trabalho elevada.<\/p>\n<p>As ferramentas de corte profissionais contribuem para aumentar a seguran\u00e7a no trabalho e reduzir as les\u00f5es de corte, tornando uma parte importante do equipamento de prote\u00e7\u00e3o pessoal na ind\u00fastria, varejo, log\u00edstica e com\u00e9rcio.<\/p>\n<p><strong>L\u00c2MINA OCULTA &#8211; SEGURAN\u00c7A M\u00c1XIMA<\/strong><\/p>\n<p>A l\u00e2mina do SECUMAX EASYSAFE fica isolada do operador. Isso proporciona o mais alto grau de seguran\u00e7a contra ferimentos de corte e danos \u00e0s mercadorias.<\/p>\n<p><strong>PARA PESSOAS E MERCADORIA<\/strong><\/p>\n<p>A l\u00e2mina oculta protege o operador e a mercadoria de modo confi\u00e1vel. E a sua empresa? Tamb\u00e9m se beneficia quando tudo funciona sem problemas.<\/p>\n<p>Indicado para trabalhos de limpeza grosseira, como remo\u00e7\u00e3o de tinta, incrusta\u00e7\u00f5es, descolora\u00e7\u00e3o por calor, ferrugem e res\u00edduos de adesivo.<\/p>\n<p><strong>L\u00c2MINA 4 VEZES REUTILIZ\u00c1VEL<\/strong><\/p>\n<p>A l\u00e2mina possui dois gumes e quatro cantos afiados. Girando e virando, voc\u00ea quadruplica o tempo de uso e corta sempre como se ela fosse nova.<\/p>\n<p><strong>CABO ERGON\u00d4MICO<\/strong><\/p>\n<p>A sua ferramenta de corte \u00e9 continuamente utilizada? Nesse caso, \u00e9 ainda mais importante que o manuseio seja t\u00e3o confort\u00e1vel e pouco cansativo para voc\u00ea quanto poss\u00edvel. O cabo ergon\u00f4mico contribui para isso.<\/p>\n<p><strong>PARA FITAS ADESIVAS<\/strong><\/p>\n<p>Para que serve a plaqueta met\u00e1lica integrada na parte de cima do cabo? Experimente. Basta posicionar na fita adesiva do papel\u00e3o, perfurar e rasgar a fita com um pux\u00e3o. Simples assim.<\/p>\n<p><strong>L\u00c2MINA QUE PODE SER FECHADA \u00c0 CHAVE<\/strong><\/p>\n<p>Uma chave correspondente ao parafuso de bloqueio de seguran\u00e7a permite a abertura e o fechamento. Somente aquele que possui a chave pode tamb\u00e9m substituir a l\u00e2mina. Uma necessidade em todas as unidades de produ\u00e7\u00e3o sens\u00edveis.<\/p>\n<p>Os Discos Limpo Clean Suryha exibem uma alta taxa de remo\u00e7\u00e3o de material com uma vida \u00fatil muito longa.<\/p>\n<p><strong>CARACTER\u00cdSTICAS<\/strong><\/p>\n<p>\u2022 Corpo em pl\u00e1stico, altamente resistente.<\/p>\n<p>\u2022 Bico para perfura\u00e7\u00e3o de sacarias.<\/p>\n<p>\u2022 Sliter para corte suave.<\/p>\n<p>\u2022 Op\u00e7\u00e3o de l\u00e2mina quadril\u00e1tera em a\u00e7o carbono ou inoxid\u00e1vel, ambas utiliz\u00e1veis por quatro lados.<\/p>\n<p>\u2022 Possui fecho que requer chave especial para substituir l\u00e2mina e slitter que ir\u00e1 conduzir o corte com precis\u00e3o e suavilizar.<\/p>\n<p>\u2022 Utilizado para cortes de filme stretch, camada de caixa de papel\u00e3o, papel, fitilhos e abertura de caixas.<\/p>\n<p>\u2022 Acompanha L\u00e2mina Cartonax (3952.007) com 39mm de comprimento, 18.50mm de largura e 0.30mm de espessura.<\/p>\n<p><a href=\"https:\/\/youtu.be\/H3bO49M5GWo\">https:\/\/youtu.be\/H3bO49M5GWo<\/a><\/p>\n<p style=\"text-align: center;\">\n","protected":false},"excerpt":{"rendered":"<p><strong>O Estilete de Seguran\u00e7a Secumax Easysafe Martor<\/strong> \u00e9 um estilete de seguran\u00e7a de alta qualidade e tesoura de seguran\u00e7a para maior seguran\u00e7a de corte.<\/p>\n","protected":false},"featured_media":5883,"template":"","meta":[],"product_brand":[],"product_cat":[39],"product_tag":[],"class_list":{"0":"post-5348","1":"product","2":"type-product","3":"status-publish","4":"has-post-thumbnail","6":"product_cat-estiletes-de-seguranca","8":"first","9":"instock","10":"purchasable","11":"product-type-simple"},"_links":{"self":[{"href":"https:\/\/abrasivoparainox.com.br\/index.php?rest_route=\/wp\/v2\/product\/5348","targetHints":{"allow":["GET"]}}],"collection":[{"href":"https:\/\/abrasivoparainox.com.br\/index.php?rest_route=\/wp\/v2\/product"}],"about":[{"href":"https:\/\/abrasivoparainox.com.br\/index.php?rest_route=\/wp\/v2\/types\/product"}],"wp:featuredmedia":[{"embeddable":true,"href":"https:\/\/abrasivoparainox.com.br\/index.php?rest_route=\/wp\/v2\/media\/5883"}],"wp:attachment":[{"href":"https:\/\/abrasivoparainox.com.br\/index.php?rest_route=%2Fwp%2Fv2%2Fmedia&parent=5348"}],"wp:term":[{"taxonomy":"product_brand","embeddable":true,"href":"https:\/\/abrasivoparainox.com.br\/index.php?rest_route=%2Fwp%2Fv2%2Fproduct_brand&post=5348"},{"taxonomy":"product_cat","embeddable":true,"href":"https:\/\/abrasivoparainox.com.br\/index.php?rest_route=%2Fwp%2Fv2%2Fproduct_cat&post=5348"},{"taxonomy":"product_tag","embeddable":true,"href":"https:\/\/abrasivoparainox.com.br\/index.php?rest_route=%2Fwp%2Fv2%2Fproduct_tag&post=5348"}],"curies":[{"name":"wp","href":"https:\/\/api.w.org\/{rel}","templated":true}]}}