{"id":5341,"date":"2022-06-29T19:37:29","date_gmt":"2022-06-29T22:37:29","guid":{"rendered":"https:\/\/abrasivoparainox.com.br\/product\/disco-flap-pfc-manta-vermelha-115-suryha\/"},"modified":"2022-06-29T19:37:29","modified_gmt":"2022-06-29T22:37:29","slug":"disco-flap-pfc-manta-vermelha-115-suryha","status":"publish","type":"product","link":"https:\/\/abrasivoparainox.com.br\/?product=disco-flap-pfc-manta-vermelha-115-suryha","title":{"rendered":"Disco Flap PFC Manta Vermelha 115 &#8211; Suryha"},"content":{"rendered":"<p><strong>O\u00a0Disco\u00a0Flap Suryha Manta Abrasiva<\/strong> \u00e9 usado para limpeza de superf\u00edcies e tamb\u00e9m para dar <strong>acabamento e polimento<\/strong> em a\u00e7os, alum\u00ednios e metais. Proporcionando uma <strong>remo\u00e7\u00e3o mais \u00e1gil, f\u00e1cil e r\u00e1pida<\/strong>. Utilizado em todos os tipos de maquinas port\u00e1teis, tipo esmerilhadeira respeitando as velocidades perif\u00e9ricas recomendas (80m\/s).<\/p>\n<p>Di\u00e2metro: 115mm<br \/>\n<strong>Disco Flap PFC Suryah 115<\/strong><\/p>\n<p>Produzido com manta abrasiva no formato de flaps, colado sobre o costado de pl\u00e1stico ABS refor\u00e7ado. Devido ao costado em pl\u00e1stico ABS ser male\u00e1vel, permite\u00a0maior \u00e1rea de contato e conforto quando utilizado em cantos e \u00e1reas n\u00e3o planas.<br \/>\nAs aplica\u00e7\u00f5es do <strong>Disco Flap PFC Suryah 115<\/strong> s\u00e3o essenciais para o processamento de limpeza de superf\u00edcies e tamb\u00e9m para dar acabamento e polimento em a\u00e7os, alum\u00ednios e metais<\/p>\n<p><strong>Montagem e Utiliza\u00e7\u00e3o<\/strong><\/p>\n<p>A montagem do Disco Flap PFC Suryah deve ser feita com flange met\u00e1lico, que se adapta ao rebaixo do flange do disco. Sua utiliza\u00e7\u00e3o deve acontecer em ferramentas especiais de alto poder de rota\u00e7\u00e3o, tais esmerilhadeiras, entre outras. A capacidade de sa\u00edda da m\u00e1quina a ser utilizada deve ser de 1.000 a 1.500 watts.<\/p>\n<p><strong>\u00c1reas de Aplica\u00e7\u00e3o<\/strong><\/p>\n<p>&#8211; Metal Universal<br \/>\n&#8211; A\u00e7o<br \/>\n&#8211; A\u00e7o Inoxid\u00e1vel<\/p>\n<p><strong>Ramos de Aplica\u00e7\u00e3o:<\/strong><\/p>\n<p>&#8211; Ind\u00fastrias Metal\u00fargicas<br \/>\n&#8211; Ind\u00fastrias Cervejeiras<br \/>\n&#8211; Ind\u00fastria de Latic\u00ednios<\/p>\n","protected":false},"excerpt":{"rendered":"<p>As aplica\u00e7\u00f5es do <strong>Disco Flap PFC Suryah 115<\/strong> s\u00e3o essenciais para o processamento de limpeza de superf\u00edcies e tamb\u00e9m para dar acabamento e polimento em a\u00e7os, alum\u00ednios e metais<\/p>\n","protected":false},"featured_media":5996,"template":"","meta":[],"product_brand":[],"product_cat":[38,31],"product_tag":[],"class_list":{"0":"post-5341","1":"product","2":"type-product","3":"status-publish","4":"has-post-thumbnail","6":"product_cat-disco-flap-pfc","7":"product_cat-discos","9":"first","10":"instock","11":"purchasable","12":"product-type-simple"},"_links":{"self":[{"href":"https:\/\/abrasivoparainox.com.br\/index.php?rest_route=\/wp\/v2\/product\/5341","targetHints":{"allow":["GET"]}}],"collection":[{"href":"https:\/\/abrasivoparainox.com.br\/index.php?rest_route=\/wp\/v2\/product"}],"about":[{"href":"https:\/\/abrasivoparainox.com.br\/index.php?rest_route=\/wp\/v2\/types\/product"}],"wp:featuredmedia":[{"embeddable":true,"href":"https:\/\/abrasivoparainox.com.br\/index.php?rest_route=\/wp\/v2\/media\/5996"}],"wp:attachment":[{"href":"https:\/\/abrasivoparainox.com.br\/index.php?rest_route=%2Fwp%2Fv2%2Fmedia&parent=5341"}],"wp:term":[{"taxonomy":"product_brand","embeddable":true,"href":"https:\/\/abrasivoparainox.com.br\/index.php?rest_route=%2Fwp%2Fv2%2Fproduct_brand&post=5341"},{"taxonomy":"product_cat","embeddable":true,"href":"https:\/\/abrasivoparainox.com.br\/index.php?rest_route=%2Fwp%2Fv2%2Fproduct_cat&post=5341"},{"taxonomy":"product_tag","embeddable":true,"href":"https:\/\/abrasivoparainox.com.br\/index.php?rest_route=%2Fwp%2Fv2%2Fproduct_tag&post=5341"}],"curies":[{"name":"wp","href":"https:\/\/api.w.org\/{rel}","templated":true}]}}